= 29 - w. List the prime factors of g.
2
Suppose -2*w + 28 = 2*w. List the prime factors of w.
7
Suppose 8*z - 12*z + 56 = 0. Let o = 1 + z. List the prime factors of o.
3, 5
Suppose 4*l + 0 = 4. Let p(h) = h**2 - 12*h + 7. Let u be p(12). Let o = l + u. What are the prime factors of o?
2
Let u be -2*1*(-3)/2. Suppose -2*k - k = -u. Let g = 11 + k. List the prime factors of g.
2, 3
Suppose -4*x = 2*x - 582. What are the prime factors of x?
97
Let s(a) = -a**2. Let g be s(0). Let c(k) = k**2 + 27. List the prime factors of c(g).
3
Suppose -9*b = -5*b - 308. What are the prime factors of b?
7, 11
Suppose -m - 88 = -g, 153 + 125 = 3*g + 4*m. List the prime factors of g.
2, 3, 5
Let u(m) = m**3 - 3*m**2 + m + 2. Let o be u(2). Suppose -w + 1 + 1 = o. Suppose 0 = -w*r + r + 15. What are the prime factors of r?
3, 5
Suppose -21 = 2*s + 5*k, 0 = 3*s + 3*k - 0*k + 27. Let a(i) = i + 12. Let q be a(s). Let j = q - -6. What are the prime factors of j?
2, 5
Suppose -4*q - 32 = -2*z + 72, 4*q = 4*z - 208. List the prime factors of z.
2, 13
Suppose c = -3*f - 587, 0 = 3*f - 2*c + 7*c + 583. What are the prime factors of f/(-20) + (-1)/(-5)?
2, 5
Let o = 337 - 228. List the prime factors of o.
109
Let w(x) = -3*x - 1. Let u be w(5). Let t(v) = v**3 - 3*v**2 + 3*v - 3. Let q be t(4). Let c = q + u. List the prime factors of c.
3
Let c(g) = g**2 - 2*g + 23. What are the prime factors of c(7)?
2, 29
Suppose 3*g + 69 = -2*c - 2*c, g = 3*c + 68. Let b = c - -29. List the prime factors of b.
2
Suppose 2*h - 4*h + 170 = 0. What are the prime factors of h?
5, 17
Suppose 3*s - 8 = s. Suppose -m + s*m - 47 = -x, -2*x + 3*m + 85 = 0. What are the prime factors of x?
2, 11
Let b(l) = -2*l**3 + 7*l**2 + 5. Let o be b(5). Let q = o + 125. Suppose -q = -8*m + 3*m. List the prime factors of m.
11
Let h(r) = 257*r - 3. What are the prime factors of h(1)?
2, 127
Suppose -7*b = -5*b - 6. Suppose -8 + 44 = b*y. What are the prime factors of y?
2, 3
Suppose 2*g = -2*o + 102, 13 = -4*o - 7. What are the prime factors of g?
2, 7
Let t(o) = 4*o**2 - 1. Let q be t(1). Suppose 0*j + q*j = 0. Let y = j + 11. What are the prime factors of y?
11
Suppose r - 3*w - 21 = 0, w = -4*r - 4*w + 33. Suppose 5*b = 18 + r. List the prime factors of b.
2, 3
Suppose v = -3*l - 2*l - 11, -5*l - 7 = -3*v. Let z be (1 + 12)*(-1 - l). Suppose -p - 5 = 5*r + 14, 3*p - z = -r. What are the prime factors of p?
2, 3
Let z = -37 - -6. Let c = 51 + z. Suppose -f - f + c = 0. List the prime factors of f.
2, 5
Suppose 0 = 2*g - 8, q + 5*g - 13 = g. Let t be q/(-2) + 1/2. Suppose 21 = i + 3*j, -3*i = -i + t*j - 30. List the prime factors of i.
2, 3
Suppose -4 = -3*i + i. Suppose 0 = -5*w + i - 32. What are the prime factors of w/(-4) - (-1)/2?
2
List the prime factors of 0 - (1*-24 - -2).
2, 11
Let u(y) = -y**3 + 8*y**2 - 6*y - 4. Let n be u(7). Suppose -3*o = -l - 8*o - 9, -l + n*o + 7 = 0. Let r = 3 - l. What are the prime factors of r?
2
Let d(s) be the first derivative of -s**2 + 6*s - 2. What are the prime factors of d(-9)?
2, 3
Suppose -4*g = -4*l + 176, -23 - 11 = -l - 4*g. What are the prime factors of l?
2, 3, 7
Let f(i) = 2*i + 2*i**2 + 4*i + 3 - 3*i**2. Let x be f(6). Let d = x - -1. List the prime factors of d.
2
Let t(q) = -q**3 + 3*q**2 + 6*q - 3. Let j be t(4). Suppose 4*x = j*i + 75, -x - 35 = -2*x - 2*i. Suppose 0 = 2*r - x + 5. What are the prime factors of r?
2, 5
Suppose -53*u = -56*u + 735. What are the prime factors of u?
5, 7
Let b(h) = 2*h**2 - 7*h - 3. List the prime factors of b(10).
127
Let l = -55 + 86. Let q = l + -17. What are the prime factors of q?
2, 7
Let v = -266 - -400. List the prime factors of v.
2, 67
Let u(y) = 7*y**2 + 10*y + 1. Let v(m) = 8*m**2 + 11*m + 2. Let c(b) = -7*u(b) + 6*v(b). Let r be c(-4). Suppose 17 = -r*d + 92. List the prime factors of d.
3, 5
Let v = 7 + -4. Suppose v*g - 4*u = -g + 48, 0 = 5*g + u - 36. List the prime factors of g.
2
Let y = -498 - -721. What are the prime factors of y?
223
Let l(h) = -2*h + 1. Let y = 7 - 13. Let p be l(y). Let m = p - 2. What are the prime factors of m?
11
Let t = -11 + 4. Let o = t - -5. Let n(u) = 2*u**2 + 4*u + 3. What are the prime factors of n(o)?
3
Suppose 9 = 2*v + 5*f, 1 = -3*v + 3*f + 4. Suppose -v*q + q + 29 = 0. List the prime factors of q.
29
Let q(r) = -7*r - 2. Let i be q(-3). Let n be -1 - (8 + 0) - -2. Let t = i + n. What are the prime factors of t?
2, 3
Suppose -v + 3*l = -2*v - 33, -5*v = -2*l + 148. Let a = -14 - v. List the prime factors of a.
2
Suppose -7 = a + z, a = -3*z - 4 - 3. What are the prime factors of (5/3)/(a/(-21))?
5
Let w be -4*2*2/(-8). List the prime factors of (-1)/(2/(w*-5)).
5
Let w = -4 - -9. Suppose 52 = -4*p + 4*k, 2*p - w*k - 8 = -46. Let z = p - -15. List the prime factors of z.
2, 3
Let s(t) = t**2 - 2*t - 7. Suppose 1 = -3*a - 17. List the prime factors of s(a).
41
Let b = 64 + -40. What are the prime factors of b?
2, 3
Let c(r) = -r**3 - 3*r**2 + 2*r + 1. Let b be c(-4). Suppose b = g + 2*m, 3*g - 3*m + 8*m = 27. What are the prime factors of g?
3
Let i be -2 - (-3 + 3 - 5). Suppose 5*o + 35 = 5*a, 3*o = i*a - 2*o - 31. What are the prime factors of a?
2
Suppose -33 = -3*g + 12. Suppose -b = t - 2*b - g, -5*b - 3 = -t. List the prime factors of t.
2, 3
Let k(y) be the third derivative of y**6/60 - y**5/30 - y**4/8 + y**3/2 - 2*y**2. Let i be (12/(-18))/(1/(-3)). List the prime factors of k(i).
5
Let d(c) = -5*c - 2. Let l(j) = j - 13. Let b be l(7). What are the prime factors of d(b)?
2, 7
Let d(q) = 2*q**3 - 2*q**2 - q. Let w(r) = r**2 - r - 1. Let f(b) = -d(b) - 3*w(b). List the prime factors of f(-3).
2, 3
Let r = -7 + 11. Suppose -18 = -r*b - 6. Let s = 0 + b. List the prime factors of s.
3
Let j(s) = 7*s**2 + s - 1. Let k be j(-2). Suppose k + 15 = 2*w. What are the prime factors of w?
2, 5
Suppose 1 + 6 = -x - 2*a, 0 = -4*x + 4*a + 8. Let q(d) = -14*d - 1. What are the prime factors of q(x)?
13
Let c = -71 - -105. Let m = c + -18. What are the prime factors of m?
2
Suppose 3*i = -2*w - 0*w - 28, 38 = -4*i - 2*w. Let b(m) = -m**3 + 6*m**2 - 5. Let z be b(6). List the prime factors of (-16)/i*z/(-2).
2
Let c(k) be the second derivative of 2*k - 5/6*k**3 + 0 - 5/2*k**2. What are the prime factors of c(-4)?
3, 5
Let w(s) = 5*s + 1. Let p = 3 + -4. Let u be w(p). What are the prime factors of u*(-2 + 3)/(-1)?
2
Suppose -2*m - 3*m = -125. Let z = -12 + -4. Let y = m + z. What are the prime factors of y?
3
Suppose -7*x + 3*x = -8. Suppose -4*v = x*u - v + 10, 0 = 5*u + v + 12. Let h = 9 - u. What are the prime factors of h?
11
Suppose 8 = -o + 3, m - 2*o - 312 = 0. What are the prime factors of m?
2, 151
Suppose -5*g - 3*w + 135 = -2*g, 0 = 2*g - 5*w - 90. List the prime factors of g.
3, 5
Suppose -5*v + 3*m = 12, -8 = -2*v - 3*m + 4. Let g = 21 - v. What are the prime factors of g?
3, 7
Let d(j) = -j**2 + 7*j + 5. Let g(f) = -f**2 - 5*f - 4. Let v be g(-3). Suppose 0 = v*z - 18 + 6. List the prime factors of d(z).
11
Suppose -3*x - 60 = -8*x. Let z = -7 - -15. Let y = x - z. List the prime factors of y.
2
Let m = 33 - -113. List the prime factors of m.
2, 73
Let b(g) = g - 5. Let s be b(6). Suppose -2 = -i + s. Suppose i*j = 7*j - 16. What are the prime factors of j?
2
Let u(z) = z**3 - 16*z**2 + 19*z - 9. Let x be u(15). Let i = -30 + x. List the prime factors of i.
3, 7
Let u = 9 + -4. What are the prime factors of 44 - (-2 + (u - 2))?
43
Let d(s) = -s**3 - 9*s**2 - 11*s - 20. Let o be d(-8). What are the prime factors of (o/(-10))/((-10)/1350)?
2, 3
Suppose 0 = a - 4. Suppose a*h = 10 + 74. List the prime factors of h.
3, 7
Suppose 0 = -4*n + 5 + 3. Let b = 25 + n. List the prime factors of b.
3
Let x(i) = i**2 - 10*i - 3. Let d be x(10). Let o = 12 + d. What are the prime factors of o?
3
Let s be (-9)/(-2)*2 + -3. Suppose -s*k + 5*k + 32 = 0. What are the prime factors of k?
2
Suppose -226 - 129 = 5*g. Let h = g - -107. List the prime factors of h.
2, 3
Let i = -81 + 308. List the prime factors of i.
227
Suppose 0 = -9*p + 5*p + 40. List the prime factors of p.
2, 5
Let r be (-7)/(7/4) - -37. Suppose 2*d = d + r. List the prime factors of d.
3, 11
Suppose -o - 180 = -5*o. Suppose 2*s = -s + o. List the prime factors of s.
3, 5
Let v = -2 - -5. Suppose 0 = v*j +